ainder when 44 is divided by x?
14
Suppose 48*p = 60*p - 2832. Calculate the remainder when p is divided by 23.
6
Let l(a) = -a**3 - 21*a**2 - 2*a - 42. Let u be l(-21). What is the remainder when u + 1/(-3) + (-817)/(-57) is divided by 10?
4
Let z(b) be the third derivative of 0*b**5 + 1/40*b**6 + 0 + 0*b**4 + 0*b**3 + 0*b + 2*b**2. What is the remainder when z(2) is divided by 13?
11
Suppose -3213 = -22*m + 923. What is the remainder when m is divided by 103?
85
Calculate the remainder when 97 is divided by (-2 - (-8)/7)/(9/(-147)).
13
Let g(v) = v**3 - 14*v**2 - 15*v + 7. Let m be g(15). Let f(u) = u**3 - 8*u**2 + 7*u + 8. What is the remainder when f(m) is divided by 1/(1/(9/3))?
2
Let v = 651 + -644. Let i be -6*(-1)/(-2)*-1. Suppose 0*p - i*p = -81. What is the remainder when p is divided by v?
6
Let w(t) = -t**3 + 3*t**2 - t. Let d be w(3). Let c(z) = 2*z**2 - 4*z - 6. Calculate the remainder when 70 is divided by c(d).
22
Let u(t) = t**3 + 6*t**2 - 20*t - 23. Calculate the remainder when u(-8) is divided by 18/(-4)*12/(-27).
1
Let o = -78 + 96. Let n = -2 - -4. Suppose l + 53 = n*l. What is the remainder when l is divided by o?
17
Suppose 6*d + 3*d - 441 = 0. Suppose 2*v = 5*v - 39. Calculate the remainder when d is divided by v.
10
Suppose -4*r + 9*r - 350 = 0. Let z(c) = c**2 - 6*c + 8. Let x be z(6). Let f(s) = s**2 - 6*s + 2. What is the remainder when r is divided by f(x)?
16
Suppose 4*h - 5*z = 23, -5*z + 1 = 2*h + 12. Suppose 4*f - 5*t = -h*t + 168, -5*t - 84 = -2*f. Let p = f - 22. What is the remainder when 77 is divided by p?
17
Suppose 420*t - 417*t - 27 = 0. What is the remainder when 9 is divided by t?
0
Suppose -36 = -3*u + g, 3*u - u + 2*g = 32. Suppose 0 = 5*y - 67 - u. What is the remainder when 47 is divided by y?
15
Let m(c) = c + 70. Let w(z) = -z - 22. Let q be w(-5). Calculate the remainder when 158 is divided by m(q).
52
Let n(y) = -y**3 - 19*y**2 - 17*y + 14. Let b be n(-18). Let g(d) = -d**2 - 2*d + 3. Let f be g(-3). What is the remainder when f/(8 + b) + 25 is divided by 9?
7
Let y = -16 + 40. Let u be (y/(-10))/(8/(-20)). Suppose -u*i + 139 = -i + 2*j, -6 = 2*j. Calculate the remainder when 113 is divided by i.
26
Let o(v) = -24*v - 179. What is the remainder when o(-11) is divided by 1?
0
Let q(f) = 20*f - 2. Let h be 1/2*(4 - 0). What is the remainder when q(h) is divided by 7 + (3 - -2) + 1?
12
Suppose 2*c + 5*i - 25 - 250 = 0, -c + i = -148. Let m = c + -134. Let g = -6 - -8. Calculate the remainder when m is divided by g.
1
Suppose -p - 3 + 34 = 0. Suppose 4*j - 3*r - 32 = 0, 3*j - j - 3*r - 10 = 0. Calculate the remainder when p is divided by j.
9
Let f = -1924 + 2067. Calculate the remainder when f is divided by 42.
17
Let j = -892 - -896. Let q = -2 + 11. Calculate the remainder when q is divided by j.
1
Suppose 70 = 3*w - w. What is the remainder when w is divided by (-3584)/(-288) - (-8)/(-18)?
11
Let f(j) = j**3 - 3*j**2 + 4*j + 7. Let t be -1 + 2 - -4*1. What is the remainder when f(t) is divided by 20?
17
Suppose -h = -3*y + 180, -2*y + 0*h - 4*h = -134. What is the remainder when 179 is divided by y?
57
Let b = 236 + -221. What is the remainder when 38 is divided by b?
8
Let r(v) = -v**3 - v + 15. Suppose 83 = h + 3*y + 2*y, -3*y = -3*h + 159. Calculate the remainder when h is divided by r(0).
13
Let l(i) = 160*i**3 - 5*i**2 + 8*i - 2. What is the remainder when l(1) is divided by 11?
7
Let z be 48/30 + (-2)/(-5). Suppose -k = 4*f - z*k - 109, f - 51 = 5*k. Suppose -f = -2*t + 48. What is the remainder when t is divided by 13?
11
Let g = 462 + -449. Calculate the remainder when 64 is divided by g.
12
Let n(a) = a**2 + 18*a + 18. Suppose -o - 108 = -2*g, g - 6*o - 49 = -3*o. What is the remainder when g + 1/((-1)/2) is divided by n(-18)?
17
Let n be (-4)/14 - 56550/(-210). Let r = n - 190. Calculate the remainder when r is divided by 41.
38
Suppose -5*r + 2*c + 32 = -2*c, -3*r = -5*c - 14. Calculate the remainder when 42 is divided by r.
2
Suppose 14*n - 10*n - 172 = 0. Calculate the remainder when 123 is divided by n.
37
Let i be 40/12*36/15. Let v = i + 15. What is the remainder when ((-612)/(-5 - -11))/((-6)/4) is divided by v?
22
Calculate the remainder when 35 is divided by 2/13 + (-120)/104 + 10.
8
Let c be 6 - 6*5/10. Suppose -57 = -c*t + 9. What is the remainder when t is divided by 8?
6
Let o = 443 + -433. Calculate the remainder when 179 is divided by o.
9
Suppose 0 = 2*l + j - 155, -360 = -5*l + 2*j + j. Let a = -174 - -193. Calculate the remainder when l is divided by a.
18
Suppose 5*t + o = -0*o + 51, 0 = -4*t + 2*o + 52. Calculate the remainder when 95 is divided by t.
7
Suppose -2*o = 2*g + 294, -o - 203 = 4*g + 397. Let i = -84 - g. Calculate the remainder when i is divided by -2*(-2 + (-39)/6).
16
Suppose -3*a - n + 58 = 3*n, 4*a = -n + 73. Calculate the remainder when (-8)/a + 949/9 is divided by 9.
6
Let y = 193 - 189. What is the remainder when 28 is divided by y?
0
Suppose 4*f + c - 665 = 0, 5*f = -5*c + 507 + 313. Suppose 305*s - 313*s + 336 = 0. What is the remainder when f is divided by s?
41
Calculate the remainder when 154 is divided by 2/4*(131 - -17 - -14).
73
Calculate the remainder when 2 + (-16 - -17)/((-2)/(-302)) is divided by 35.
13
Let d(c) = c**2 + 64. Let k = -62 - -34. Let t = -6 - k. What is the remainder when d(0) is divided by t?
20
Suppose 983 + 2421 = 23*l. Calculate the remainder when l is divided by 41.
25
Suppose -43*g + 1160 = -23*g. What is the remainder when g is divided by 9?
4
Let k be -3 + (-1 - -3) - -1. Suppose k = -4*i + 166 + 42. What is the remainder when 153 is divided by i?
49
Suppose -134 = -4*v + 5*j - 2*j, 0 = -4*v + 5*j + 130. Calculate the remainder when v is divided by (22/(-7))/((-4)/14).
2
Let v(r) = -6*r + 1. Let h = -27 + 27. Suppose -w - f = -35, 4*w + 0*f + f - 143 = h. Calculate the remainder when w is divided by v(-2).
10
Let s(t) = -28*t + 284 - 280 + 23*t - 67*t. What is the remainder when s(-1) is divided by 11?
10
Let h = -38 - -41. Suppose 98 - 321 = -5*d + 4*o, 4*d = h*o + 178. What is the remainder when d is divided by 12?
7
Let n(c) = 79*c - 839. What is the remainder when n(15) is divided by 39?
34
Let b be 1 - (-2)/(-3) - 164/6. What is the remainder when (-2025)/b*(-3)/(-5) is divided by 25?
20
Let f be 31 + (-6*1 - 12/(-4)). Suppose 4*c = -2*g + 3*g - f, 4*g - 2*c - 56 = 0. Calculate the remainder when g is divided by 7.
5
Let f be -9 - 4*(-1)/2. Let b(u) = -u - 6. Calculate the remainder when b(f) is divided by 30/12 - 3/2.
0
Let o(m) = 18*m**3 + 3*m**2 + 3*m + 1. Let d be o(-2). Let b = d - -200. Calculate the remainder when b is divided by (3/(-1))/((-6)/44).
19
Suppose 11 = 5*l - 14. Suppose -4*d = 0, 529 = l*g + 3*d - 191. What is the remainder when g is divided by 49?
46
Suppose -129 = -3*g - 2*h, -5*h + 327 = 5*g + 117. Calculate the remainder when 264 is divided by g.
39
Let p = -1003 - -1032. What is the remainder when 193 is divided by p?
19
Let p(n) = -5*n**2 - n - 4 - n**3 + 5*n + n**2. Let w be p(-5). Let c(m) = 6*m**2 + 1. What is the remainder when 18 is divided by c(w)?
4
What is the remainder when 1/(7 - 1704/244) is divided by 9?
7
Suppose 0*b - 2*b + 3*r + 47 = 0, 0 = 3*b - 4*r - 68. Let o(f) = 5*f + 5. Calculate the remainder when o(5) is divided by b.
14
Suppose -2*p - 3*w + 53 = 0, -3*p - 4*w + w + 78 = 0. Let u = -19 + p. What is the remainder when 9 is divided by u?
3
Let w(n) = n**2 + 13*n - 71. What is the remainder when w(7) is divided by 18?
15
Suppose -2*b - 5*s = -545, -b + 2*b - 5*s - 280 = 0. Suppose b = 15*c - 4*c. What is the remainder when c is divided by 14?
11
Suppose 4*x = -5*z + 87, -2*z - 5*x - 15 = -4*z. What is the remainder when 237 is divided by z?
12
Let s = -231 + 486. What is the remainder when s is divided by 72?
39
Let x(z) = z**2 - 10*z - 74. Calculate the remainder when 76 is divided by x(-8).
6
Let x = 113 - -157. Suppose -48 = -6*m + x. Suppose 0 = 3*b - 6*b + 84. Calculate the remainder when m is divided by b.
25
Let c = -1162 + 1198. Calculate the remainder when 79 is divided by c.
7
Let r(o) be the second derivative of 29*o**3/6 - 10*o. Let d be r(3). Suppose v - d = 4*f, -3*f = 2*f + 20. What is the remainder when v is divided by 18?
17
Suppose -2*u +